 54. Let r = j - 8. What is the tens digit of (-16)/(-20)*25/r?
1
Suppose -5*z - 4 = -5*w + 116, -56 = -3*w - z. Let d = w - -130. What is the tens digit of d?
5
Let b(h) be the second derivative of -3*h**2 + 0 + 13/6*h**3 - 6*h. What is the tens digit of b(4)?
4
Suppose -5*x = -2*w + 2881, 5*x = -0*x + 5. What is the hundreds digit of w?
4
What is the units digit of (-76)/(4422/492 + -9)?
2
Let w = 51 + 160. Suppose -2*t - m = 3*t - 570, -2*t + w = -3*m. What is the hundreds digit of t?
1
Suppose 2*u + 14*x - 12*x - 1418 = 0, 4*x = -2*u + 1416. What is the units digit of u?
0
Suppose 63*z - 18*z = 57105. What is the units digit of z?
9
Let q(z) = -24*z + 11 + 3*z**2 + 14*z + 14*z. Let t be q(-6). Let y = t - 55. What is the units digit of y?
0
Suppose 5*q + 2*n = -3*n + 3030, 3*n = 3*q - 1818. Let k = q + -392. What is the hundreds digit of k?
2
Let t(u) = -2*u**2. Let o be t(1). Let l be (-1)/o - (-7)/2. Let f = l + 2. What is the units digit of f?
6
Let q(r) = -26*r**3 - 5*r**2 + 9. What is the tens digit of q(-5)?
3
Suppose 68*i - 61092 = 50*i. What is the hundreds digit of i?
3
Let y(j) = 4*j**3 + j**2 + 17*j + 5. What is the thousands digit of y(6)?
1
Let g(n) = n**3 + n**2 + 7*n + 2. Suppose -5*l + 14 = 3*u, -l = u - 2*u - 6. What is the tens digit of g(l)?
1
Let b be 8/12 + 44/6. Suppose -i + b = i. What is the units digit of ((-2)/(-8))/(1/i)?
1
Let r(a) be the second derivative of a**4/12 - 8*a**3/3 - 8*a**2 - 7*a. What is the units digit of r(19)?
1
Let l(a) = a**3 + 14*a**2 + 13*a. Let o be l(-13). Suppose o*u - u + 66 = 0. Suppose r + r = 2*j - 66, -2*r + u = 2*j. What is the tens digit of j?
3
Let a(y) = -6*y - 4. Let c be a(-5). Let z = -24 + c. Suppose -5*t - 6 = z*j - 3*j, 5*t = 5*j - 90. What is the units digit of j?
1
Let t = 144 - 71. What is the units digit of -1 + t + (-4)/2?
0
Let h(f) = 7*f**2 + 0 - 14*f**3 + 13*f**3 + 0*f**2 - 4*f + 9. Let o(d) = 2*d**2 + 4*d. Let z be o(-3). What is the tens digit of h(z)?
2
Let r be 3*2/(-30) + 32/10. Suppose -2*j = -k - 38, r*j + 59 = 6*j - 2*k. What is the units digit of j?
7
Let u(c) = 40*c - 1. Let p be u(4). Suppose 0 = 5*o - p - 181. What is the tens digit of o?
6
Suppose -447 - 93 = -4*s + 4*k, -5*s + 643 = 3*k. What is the units digit of s?
1
Suppose h = -4*y + 22, -4*y = -6*y + 3*h + 18. Let b be 3 + (-3)/y*0. What is the tens digit of (5 - b - 36)*-1?
3
What is the hundreds digit of 28*(3 - 1/(-2)*13)?
2
Suppose -4*b = -5*j + 1, 0*b + 13 = j - 4*b. Let l be (1 - -1)/1 + j. What is the units digit of 12/(-8)*(l - 5)?
9
What is the hundreds digit of ((-34599)/(-38))/((-1)/(-6) + 0)?
4
Let r be 1 - (4 + 3/(-1)). Suppose r = 4*t + t + o + 28, -o + 12 = -3*t. What is the units digit of 804/15 + (-2)/t?
4
Suppose 2*u = 3*c + 34, 3*c + 15 + 41 = 4*u. Let y(q) = -q**3 + 10*q**2 + 12*q - 11. Let l be y(u). Suppose -2*g + 11 + 93 = l. What is the units digit of g?
2
Let s(f) be the second derivative of f**5/20 - f**4/3 + f**3/3 + 5*f**2 - 8*f. What is the units digit of s(5)?
5
Let v(r) be the second derivative of -r**5/20 + 9*r. What is the tens digit of v(-3)?
2
Let i be 9*-5*-1 + -1 + 1. Suppose l - y = 3 + 14, 3*l = 5*y + i. What is the tens digit of l?
2
Suppose -2*b - 3*b = 5*f - 75, -b = -2*f - 6. Let h(m) = m**3 - 10*m**2 - 11*m - 18. What is the units digit of h(b)?
8
Suppose -6*j + 25 = -j. Suppose l - 2*w - 24 = 0, j*l - 65 = w + 46. What is the units digit of l?
2
Suppose -272 = 4*u - l + 51, -5*u = 3*l + 408. Let i = u + 94. What is the tens digit of i?
1
Suppose 206*k - 207*k = -738. What is the tens digit of k?
3
Let f be (-15)/(-3) - (-6 + 8). Suppose -f*j - 143 = -4*a, -a - 2*j + 173 = 4*a. What is the units digit of 296/10 + 14/a?
0
Let a = -102 + 158. Suppose 0 = -5*g + 506 - a. What is the tens digit of g?
9
Suppose -179 - 128 = -n. Let w = 476 - n. What is the tens digit of w?
6
Suppose -3*q = -5*l + 118, -3*l - 2*q + 9 + 58 = 0. Let v = l - 16. What is the units digit of 5/((-20)/(-8)) + v?
9
Let s(y) = -3*y**2 + 65. Let c(l) = 7*l**2 - 130. Let v(r) = 4*c(r) + 9*s(r). What is the tens digit of v(0)?
6
Suppose 15*t + 0*t - 750 = 0. What is the tens digit of t?
5
Let k(d) = -d**3 - 5*d**2 + 8*d + 12. Let i be k(-6). Suppose i = -4*s + 54 + 398. What is the tens digit of s?
1
Let d(n) = 2*n - 5. Let q be d(5). Let j(u) = u - 4. Let g be j(q). What is the units digit of (1 + 23 - g)/1?
3
Suppose 2*q + 2864 = 2*u, 2*u + 10*q = 5*q + 2836. What is the hundreds digit of u?
4
What is the hundreds digit of (-13)/((-455)/(-12488))*(-10)/4?
8
What is the hundreds digit of (8/2)/(2 - (-1064)/(-539))?
1
Suppose 2*v + 152 = 3*v. Suppose -v = 20*n - 22*n. What is the units digit of n?
6
Let a(h) be the third derivative of -h**6/120 + 11*h**5/60 - 7*h**4/12 - 13*h**3/6 + 16*h**2. What is the units digit of a(7)?
5
Let k = 16 - 21. Let d(m) = -m**3 - 5*m**2 - 6*m + 7. Let w be d(k). Suppose -47 = -4*g + w. What is the tens digit of g?
2
Suppose -4593*o = -4583*o - 24110. What is the tens digit of o?
1
Let r(b) = 79*b + 9. Let s be r(-5). Let w = 542 + s. What is the tens digit of w?
5
Let w = -11 - -9. Let k(a) = 7*a - 2. Let y(n) = -3*n + 1. Let l(j) = -6*k(j) - 11*y(j). What is the tens digit of l(w)?
1
Let h = 86 + -69. Suppose 12*w - h = 11*w. What is the tens digit of w?
1
Let f = 5 + -2. What is the tens digit of 672/f + (3 - 4)?
2
Let s(f) = -470*f - 3. What is the units digit of s(-6)?
7
Let n = -6 + -5. Let j = n - -4. Let i(o) = -o**3 - 5*o**2 + 9*o - 2. What is the tens digit of i(j)?
3
Suppose 2*p - 10 = 2*x, 3*p - 6*p = -4*x - 20. Suppose -w - 12*w + 442 = p. What is the tens digit of w?
3
What is the hundreds digit of -2 - (-3785 - (-84)/(-12))?
7
Suppose 0 = s + 7 + 2. Let m(l) be the first derivative of -l**4/4 - 10*l**3/3 - 5*l**2 + 4*l + 1. What is the tens digit of m(s)?
1
Suppose -4*u + 3472 = -15852. What is the hundreds digit of u?
8
What is the thousands digit of -4*(10127/2)/(-13)?
1
Suppose k + 3 = 0, 2*m - k = -6*k + 1463. Suppose -10*t + m - 29 = 0. What is the units digit of t?
1
Suppose -4*k = -4*u + 472, 0*k = 4*u - k - 481. Suppose -u = -m + x, -2*m = 5*x - 169 - 45. What is the tens digit of m?
1
Suppose -9*u + 31*u = 85184. What is the thousands digit of u?
3
Let k(l) = -l**3 + 16*l**2 + 43*l - 10. What is the units digit of k(18)?
6
Suppose 4*c - 16 = -4*w, -2*w + 6 = w. Let h(m) = -2*m + 14 - 4*m - 3*m**2 + 4*m**c - 2*m. What is the units digit of h(6)?
2
What is the units digit of ((-3)/(-2))/((-6)/(-2104)) - -3?
9
Let y(o) be the third derivative of o**6/120 - 7*o**5/60 - 13*o**4/24 + 7*o**3/6 - 2*o**2. Let q be y(9). Let u = q - 37. What is the tens digit of u?
1
Let g(o) = o**2 + 4*o + 1. Let t be g(-2). Let y be 8/(-24) + 32/t. Let v = y + 37. What is the tens digit of v?
2
Let j(o) = -o**3 - 3*o**2 + 4*o + 1. Suppose -n - 2*n - 12 = 0. Let u be j(n). Let w(r) = 29*r**3 - 1. What is the tens digit of w(u)?
2
Let t be (-33)/(3/(-2) - 0). Let s = 23 - t. Let h(k) = 58*k + 1. What is the units digit of h(s)?
9
Let o be (-723)/(-8) + 3/(-8). Suppose 222 = -4*a - 26. Let d = a + o. What is the tens digit of d?
2
What is the hundreds digit of 18172/33 - 2/(-6)?
5
Suppose 4*p + 3*j + 216 = 0, -5*p + j - 175 = -2*p. Let n = -34 - p. What is the tens digit of n?
2
Suppose 5*u = 421 + 1044. What is the tens digit of u?
9
What is the hundreds digit of (-96)/16 - (-1007 - -1)?
0
Let h be (-22)/77 + 94/(-14). Let q(m) = 196*m + 4 - 198*m + m**3 + 7*m**2 + 2. What is the units digit of q(h)?
0
Suppose -100*k + 101*k = 242. What is the hundreds digit of k?
2
Let w be 80/25*5/2. Suppose -11*t + 30 = -w*t. Suppose -2*c + t = 3*c. What is the units digit of c?
2
Let f(r) = 179*r + 14. Let v be f(4). Suppose -7*t - v = -12*t. What is the hundreds digit of t?
1
Let l = 13 - 4. Let n(c) = c**3 - 10*c**2 + 10*c - 6. Let v be n(l). Suppose v*b - 20 - 19 = 0. What is the tens digit of b?
1
Suppose 4*i = 3*a - 5705, -5*a - 4*i = -2*a - 5737. What is the tens digit of a?
0
Let p(v) = -v**3 + 4*v**2 + 1. Let d be p(4). What is the tens digit of 46 + d/(4 + -5)?
4
Suppose 3*r = -4*g + 1288, 2*r - 3*g - 2137 = -3*r. Suppose 13*t - r = 209. What is the tens digit of t?
4
Let t(z) = -z - 4. Let b(y) = 2*y + 5. Let h(c) = 2*b(c) + 3*t(c). Let f be h(2). Suppose 5*v